. Let d be r(6). Suppose 5*s - 6*s - 279 = -4*b, 3*s + d = 5*b. Is b composite?
False
Let b(o) = -o + 5. Let s be b(9). Let r = -1 - s. Suppose -r*d + 52 = d. Is d prime?
True
Let t(u) = 2*u - 1 + u + 11*u**2 + 4*u - 4*u. Is t(-3) a composite number?
False
Suppose -256 = 12*t - 5140. Is t a composite number?
True
Is 56/12*(-18)/(-4) + 2 a prime number?
True
Let k = 21 + -31. Let f(c) = -14*c. Let g be f(k). Let r = 219 - g. Is r a prime number?
True
Let r = 2 - 2. Let c = 5 + r. Suppose 15 = -c*s + 70. Is s a composite number?
False
Let y(d) = -372*d**3 - d**2 - 2*d - 1. Let q be y(-1). Suppose 2*v - 4 = 4. Suppose 0 = -v*r + 224 + q. Is r a prime number?
True
Let b(o) = -2*o - 2. Let s be b(-3). Suppose -s*j = j. Let f = 6 + j. Is f a prime number?
False
Suppose 5*g + 26 = 4*k - 2*k, 3*k - 29 = 5*g. Suppose z + k*f = 31, 3*z - 91 = -z - f. Is z a composite number?
True
Let p(k) = 4*k**3 - 2*k**2 - 3*k + 2. Let h = -22 + 25. Is p(h) a composite number?
False
Suppose 3*w - 140 = 193. Is w prime?
False
Suppose 0 = -5*w + 2*w + 3. Let t = 3 - w. Suppose 4*j = t*p - 26, -2*p + 7*p + 2*j = 29. Is p a prime number?
True
Let u = 3 + 2. Suppose 3*a - 419 = u*f, -2*f + 147 = -a + 2*a. Is a a prime number?
False
Suppose 4*t - 664 - 460 = 0. Suppose -1 - 3 = -k. Suppose -203 = -k*l + t. Is l a prime number?
False
Let j(l) = -748*l + 8. Let i be j(-4). Is (-2)/7 - i/(-14) a composite number?
True
Is ((-3887)/(-26))/((-2)/(-4)) a prime number?
False
Is (-1077 - 4)/((-2)/2) prime?
False
Suppose -y = -2*y + 375. Suppose -2*p + y = 5*o, -p + 3*p = -10. Is o a prime number?
False
Let d(u) = -u**3 + 4*u**2 + 6*u - 4. Let s be d(5). Let f be (s - 3) + (6 - -2). Is 3/f*(381 - -1) prime?
True
Let g = 273 - 26. Is g composite?
True
Suppose -c + 32 = -5*l + 3*c, 5*l + 14 = -2*c. Let j(g) = g**2 + 2*g - 3. Let v be j(l). Suppose v*q = 3*h + 2*h - 380, 5*h = -2*q + 401. Is h a prime number?
True
Let x(t) = -t + t - 8*t - 6 + 0*t + 2*t**2. Is x(-10) a prime number?
False
Suppose 676 = 3*h + h. Is h a prime number?
False
Let m(l) = -l**3 + 8*l**2 - 15. Is m(-8) a composite number?
False
Suppose 4*q + 144 = 2*c, -c + 16 = 3*c. Let k = -19 - q. Is k composite?
True
Let a(y) = 41*y**2 - 4*y - 4. Is a(-3) composite?
True
Let o(h) = 2 + 17*h - 6 + 16*h. Suppose 0 = 2*s + s - 15. Is o(s) prime?
False
Is ((-1114)/10)/(-4 - 38/(-10)) a composite number?
False
Suppose 0 = 3*b - 0*b + 5*y - 14, 0 = -3*b - 3*y + 12. Let f = 38 - b. Is f prime?
False
Suppose 3*k - o = -3*o + 9, -2*k = 2*o - 4. Suppose k*t + z = 272, 3*z = -t - 0*z + 60. Suppose 4*a - t = 6. Is a composite?
True
Let h = 5 + -3. Let o = -6 + h. Is (o - 0)/(-2) + 41 a composite number?
False
Let g(n) = 3*n**3 + n**2 - 7*n - 6. Is g(5) a prime number?
True
Suppose 4*u - 5*m = 530 + 1507, 3*u + 2*m = 1499. Is u a prime number?
True
Suppose 19*n + 4696 = 23*n. Is n a prime number?
False
Let r = 1166 - 625. Is r a composite number?
False
Suppose 0 = -4*g - 2*t + 360, -3*g = -6*g + 5*t + 270. Let h = 5 - g. Let b = 122 + h. Is b prime?
True
Suppose 7*q = 3*q - 44. Let k = 24 + q. Is k composite?
False
Let o(n) = -n**3 + 5*n**2 - 6*n + 6. Let a be o(4). Let d be (-1)/2*a - 0. Is (2/4)/(d/38) a prime number?
True
Let g = 0 + 64. Suppose -5*t + 48 = 2*r, -3*r - 17 = -5*t - g. Is r composite?
False
Let r(b) = -4*b**3 - 9*b**2 - 8*b. Let h be r(-6). Let c = h + -119. Is c a prime number?
False
Let i be 5*2*2/(-4). Let h(w) = -2*w - 7. Let d be h(i). Suppose -d*k + 105 = -0*k. Is k a prime number?
False
Let i(y) = -y + 13. Let o be i(9). Suppose x - r = -2*r - 4, -o*x - 14 = 3*r. Is (106/8)/(x/(-8)) prime?
True
Let l = -689 + 1327. Suppose -l = -3*b + 115. Is b prime?
True
Let i(k) = k**3 - 5*k**2 + 3*k - 6. Let m be i(4). Let f = m + 15. Suppose 3*u = -2*u, -2*u - 635 = -f*w. Is w a prime number?
True
Let p(o) = 3*o**2 - 2*o - 12. Is p(-7) prime?
True
Suppose 0 = 2*l + 4 - 2. Let y = l - -1. Suppose 0 = -5*x + 2*x + 5*o - 11, y = -2*x + 5*o - 14. Is x a composite number?
False
Suppose 205 = 7*a - 4093. Is a a prime number?
False
Suppose -6 = 3*f + 2*k - 45, 0 = 4*f + k - 47. Is f a prime number?
True
Let g(x) = x - 4. Let j be g(6). Suppose f - 5 = -2*h, -j*h = 2*h + 4*f - 8. Suppose h*o + 75 = 4*a, -4*o + 10 = -2*a + 4*a. Is a a composite number?
True
Suppose -4 = 5*a - 3*v, 2*a + 7 = -0*a + 3*v. Suppose a = 4*t - 171. Is t composite?
False
Suppose 0 = -5*b - 3*z - 1, -z = 2 - 5. Let f be ((b - -2) + -55)*-3. Suppose 4*u - u = f. Is u a prime number?
False
Suppose 483 = -15*t + 22*t. Is t composite?
True
Let g(l) = -l**2 - 9*l - 5. Let k = -23 - -11. Let n = k + 6. Is g(n) a composite number?
False
Let w = -1599 - -3533. Is w a prime number?
False
Let o = 2 - -5. Suppose o*p - 20 = 2*p. Let u(x) = 12*x - 1. Is u(p) a composite number?
False
Let w(r) be the third derivative of r**4/24 + 7*r**3/3 + 2*r**2. Suppose -2*g + 5*f - 40 = -15, 2*f = -4*g + 10. Is w(g) composite?
True
Let d = 721 + 1318. Is d composite?
False
Let d = -334 + 545. Is d a composite number?
False
Suppose -h + 337 = -5*d, -5*h - d = -4*h - 337. Is h prime?
True
Suppose 0 = 5*x - 2*x - 6. Let s(i) = 52*i**2 + 2*i - 1. Is s(x) prime?
True
Suppose -t + 444 = 3*t. Is t a composite number?
True
Suppose -217 = -3*n + 122. Is n a prime number?
True
Let a(o) be the first derivative of -o**3/3 + 4*o**2 - 5*o - 1. Let y = 14 + -9. Is a(y) a composite number?
True
Suppose -3*n = -3, 5*g + 2*n - 92 = -0*n. Let z = 49 - g. Is z a composite number?
False
Suppose 5*n - 625 = -5*d + 7110, 0 = -2*d + 4*n + 3070. Is d composite?
False
Is ((-3545)/(-20) + 0)*12 a composite number?
True
Suppose 2*w - h - 726 = 0, -3*w - 3*h = -6*w + 1083. Is w prime?
False
Let y = 11 - 6. Suppose 0 = 2*q - 3 - y. Suppose -g - q*g = -155. Is g a prime number?
True
Let o be (-1)/(-2) - 1/(-2). Let p(x) = x. Let h be p(o). Let q(n) = 148*n**2 + 1. Is q(h) composite?
False
Let w = 2341 + -876. Is w a composite number?
True
Let m(t) = -t**3 - t**2 + 1. Let z(f) = -5*f**3 - 10*f**2 + 7*f + 4. Let b(h) = -6*m(h) + z(h). Let g be b(6). Suppose -4*l + 108 = -g. Is l prime?
False
Let o be (-2)/((-1)/(193/2)). Suppose 0 = -4*f + 13 + 7. Suppose o - 28 = f*t. Is t a prime number?
False
Let b(a) = 1010*a - 13. Is b(3) prime?
False
Let l(d) be the second derivative of -d**6/360 - d**5/20 + d**4/12 - d**3/3 + d. Let k(w) be the second derivative of l(w). Is k(-6) a composite number?
False
Let a(k) = -k**2 + 6*k - 6. Let q be a(4). Suppose 3*u = 3*v + 109 + 140, -2*u - 4*v = -154. Suppose p - u = 2*j, q*p = 3*j - 7*j + 194. Is p prime?
True
Let o = 6 + -6. Let g be 1 + 1 + o + 3. Let v = 15 - g. Is v a composite number?
True
Suppose 5*g - 5*i = 11 - 1, g - 4*i = 2. Is (g - -145) + 8/(-4) composite?
True
Let d = -3 - -4. Let q be 0/((-3)/d) - 7. Let b = q + 14. Is b a prime number?
True
Suppose 0 = -x + 4*b + 390, 0 = -4*x + 2*x - 3*b + 780. Suppose -32 = -2*q + x. Is q a prime number?
True
Let h(n) = n - 5. Let r be h(5). Let l(m) = m - 1 - 4 + 7*m**2 - m**3 + r*m. Is l(6) a composite number?
False
Let n(h) = h**3 + 3*h - 6 + 6*h**2 + 1 - 9*h. Let m be 62/(-10) + (-8)/(-40). Is n(m) a prime number?
True
Let a = -10 + 11. Let y be (-1)/(-2 - -1)*a. Let q(b) = 94*b + 1. Is q(y) prime?
False
Let g be -12*(1 - 6/4). Let n(l) = 5*l**3 - 4*l**2 - 4*l - 7. Let r(d) = 11*d**3 - 9*d**2 - 9*d - 15. Let o(y) = -13*n(y) + 6*r(y). Is o(g) a prime number?
False
Suppose -5*w = 15, -2*x - 39 = -2*w + 47. Let m = 5 - x. Is m a prime number?
False
Let b(s) be the first derivative of s**3/3 - 5*s**2/2 - 8*s + 1. Let l be b(6). Is 0 + (-2)/l + 92 a prime number?
False
Suppose -f - 1 + 4 = 0, 4*f = 3*b - 3582. Is b a composite number?
True
Suppose 5 - 17 = -4*o. Suppose 5*h = 4*z - 608, z + o*h - 137 = 8*h. Is z a composite number?
False
Is 4267/34*1*2 a composite number?
False
Suppose -2*a + 924 = a. Suppose 0 = -0*c - 4*c + a. Is c a prime number?
False
Is -1*(-1 - -5 - 855) a composite number?
True
Let t be 4/6*-1*-27. Is 586/10 + t/(-30) a composite number?
True
Suppose k + 5*w = -3*k + 983, -2*k = w - 487. Suppose -u + 35 = v - 35, -5*v = -3*u + k. Is u a composite number?
True
Suppose -j = 0, 0*y + 10 = 5*y + 3*j. Is y + (36 - 1) + 0 a prime number?
True
Suppose -y + 2168 = y - 5*q, -5*y - 3*q = -5389. Is y prime?
False